{"id":57,"date":"2023-03-11T13:07:01","date_gmt":"2023-03-11T11:07:01","guid":{"rendered":"http:\/\/concursfizica.ro\/stefan-hepites\/?page_id=57"},"modified":"2026-01-28T20:51:29","modified_gmt":"2026-01-28T18:51:29","slug":"documente-utile","status":"publish","type":"page","link":"https:\/\/concursfizica.ro\/stefan-hepites\/documente-utile\/","title":{"rendered":"DOCUMENTE UTILE"},"content":{"rendered":"\n<p class=\"has-medium-font-size\">Fi\u0219a \u00eenscriere<\/p>\n\n\n\n<p><strong><mark style=\"background-color:#f5fa19\" class=\"has-inline-color\">Pentru deschiderea documentelor aflate pe site se recomand\u0103 utilizarea Browser-elor Mozilla FireFox, Microsoft Edge, Opera, Safari, etc.<\/mark><\/strong><\/p>\n\n\n\n<div class=\"wp-block-buttons is-layout-flex wp-block-buttons-is-layout-flex\">\n<div class=\"wp-block-button has-custom-width wp-block-button__width-50\"><a class=\"wp-block-button__link has-white-color has-black-background-color has-text-color has-background has-medium-font-size has-custom-font-size wp-element-button\" href=\"http:\/\/concursfizica.ro\/stefan-hepites\/wp-content\/uploads\/2025\/10\/Tabel-inscriere-elevi_2026.xls\" style=\"border-radius:0px\" target=\"_blank\" rel=\"noreferrer noopener\">Tabel excel \u00eenscriere<\/a><\/div>\n<\/div>\n\n\n\n<p>Tabelul completat va fi transmis \u00een format Excel (conform calendarului de pe pagina de start) la adresa de mail a centrului jude\u021bean organizator (a se vedea LOCA\u021aII ORGANIZARE).<\/p>\n","protected":false},"excerpt":{"rendered":"<p>Fi\u0219a \u00eenscriere Pentru deschiderea documentelor aflate pe site se recomand\u0103 utilizarea Browser-elor Mozilla FireFox, Microsoft Edge, Opera, Safari, etc. Tabelul completat va fi transmis \u00een format Excel (conform calendarului de pe pagina de start) la adresa de mail a centrului &hellip; <a href=\"https:\/\/concursfizica.ro\/stefan-hepites\/documente-utile\/\">Continue reading <span class=\"meta-nav\">&rarr;<\/span><\/a><\/p>\n","protected":false},"author":1,"featured_media":0,"parent":0,"menu_order":0,"comment_status":"closed","ping_status":"closed","template":"","meta":{"advgb_blocks_editor_width":"","advgb_blocks_columns_visual_guide":"","footnotes":""},"class_list":["post-57","page","type-page","status-publish","hentry"],"coauthors":[],"author_meta":{"author_link":"https:\/\/concursfizica.ro\/stefan-hepites\/author\/iuli678we\/","display_name":"iuli678we"},"relative_dates":{"created":"Posted 3 years ago","modified":"Updated 3 months ago"},"absolute_dates":{"created":"Posted on 2023-03-11","modified":"Updated on 2026-01-28"},"absolute_dates_time":{"created":"Posted on 2023-03-11 13:07","modified":"Updated on 2026-01-28 20:51"},"featured_img_caption":"","featured_img":false,"series_order":"","_links":{"self":[{"href":"https:\/\/concursfizica.ro\/stefan-hepites\/wp-json\/wp\/v2\/pages\/57","targetHints":{"allow":["GET"]}}],"collection":[{"href":"https:\/\/concursfizica.ro\/stefan-hepites\/wp-json\/wp\/v2\/pages"}],"about":[{"href":"https:\/\/concursfizica.ro\/stefan-hepites\/wp-json\/wp\/v2\/types\/page"}],"author":[{"embeddable":true,"href":"https:\/\/concursfizica.ro\/stefan-hepites\/wp-json\/wp\/v2\/users\/1"}],"replies":[{"embeddable":true,"href":"https:\/\/concursfizica.ro\/stefan-hepites\/wp-json\/wp\/v2\/comments?post=57"}],"version-history":[{"count":18,"href":"https:\/\/concursfizica.ro\/stefan-hepites\/wp-json\/wp\/v2\/pages\/57\/revisions"}],"predecessor-version":[{"id":949,"href":"https:\/\/concursfizica.ro\/stefan-hepites\/wp-json\/wp\/v2\/pages\/57\/revisions\/949"}],"wp:attachment":[{"href":"https:\/\/concursfizica.ro\/stefan-hepites\/wp-json\/wp\/v2\/media?parent=57"}],"curies":[{"name":"wp","href":"https:\/\/api.w.org\/{rel}","templated":true}]}}